3600941
List the prime factors of 2810595245.
5, 79, 397, 17923
List the prime factors of 5467896748.
2, 1366974187
What are the prime factors of 537430963?
537430963
What are the prime factors of 1710508049?
31, 919, 60041
List the prime factors of 7587505.
5, 307, 4943
List the prime factors of 74627168.
2, 7, 11, 31, 977
List the prime factors of 136393549.
43, 3171943
What are the prime factors of 922272819?
3, 13, 29, 41, 19889
List the prime factors of 275354194.
2, 19, 381377
What are the prime factors of 39096127?
7, 5585161
What are the prime factors of 3734210133?
3, 138304079
What are the prime factors of 1869634512?
2, 3, 139, 93407
What are the prime factors of 58477198?
2, 13, 67, 33569
What are the prime factors of 9278716?
2, 2319679
List the prime factors of 1924832805.
3, 5, 7, 29, 233, 2713
What are the prime factors of 3659825510?
2, 5, 11, 33271141
List the prime factors of 450632998.
2, 193, 1167443
List the prime factors of 636259814.
2, 109, 1601, 1823
What are the prime factors of 37927413?
3, 281, 4999
List the prime factors of 163172366.
2, 7, 3331, 3499
List the prime factors of 747099907.
31, 283, 85159
What are the prime factors of 4353345?
3, 5, 3583
List the prime factors of 59319939.
3, 7, 403537
List the prime factors of 200392697.
29, 2237, 3089
What are the prime factors of 38956648?
2, 283, 17207
What are the prime factors of 7047954278?
2, 19, 47, 3946223
What are the prime factors of 246677005?
5, 1171, 42131
What are the prime factors of 4581150402?
2, 3, 113, 6756859
List the prime factors of 2318722588.
2, 7, 13, 37693
What are the prime factors of 1380091158?
2, 3, 76671731
List the prime factors of 63892647.
3, 7, 13, 17, 353
What are the prime factors of 480469536?
2, 3, 281, 1979
List the prime factors of 3025743703.
751, 4028953
List the prime factors of 32234950.
2, 5, 11, 29, 43, 47
What are the prime factors of 7370016629?
127, 58031627
What are the prime factors of 4172056402?
2, 1307, 1596043
What are the prime factors of 58882363?
167, 352589
List the prime factors of 85445645.
5, 109, 156781
What are the prime factors of 22011324?
2, 3, 53, 653
List the prime factors of 218927667.
3, 7, 10425127
What are the prime factors of 141502252?
2, 29, 1219847
What are the prime factors of 784620153?
3, 1103, 79039
What are the prime factors of 2117500?
2, 5, 7, 11
List the prime factors of 107574547.
1721, 62507
List the prime factors of 1301228777.
373, 773, 4513
What are the prime factors of 1420755830?
2, 5, 13, 883, 12377
What are the prime factors of 90464624?
2, 19, 297581
List the prime factors of 9391352.
2, 47, 24977
What are the prime factors of 139962617?
139962617
List the prime factors of 7888638.
2, 3, 29, 45337
List the prime factors of 583483587.
3, 41, 4743769
List the prime factors of 2684780828.
2, 17, 37, 1067083
What are the prime factors of 216168155?
5, 7, 163, 5413
What are the prime factors of 245773364?
2, 463, 132707
List the prime factors of 1293727604.
2, 13, 3209, 7753
What are the prime factors of 7869044?
2, 1967261
What are the prime factors of 605820484?
2, 97, 1561393
List the prime factors of 148428285.
3, 5, 19, 241, 2161
List the prime factors of 185962156.
2, 137, 439, 773
List the prime factors of 169848000.
2, 3, 5, 7, 337
List the prime factors of 566569715.
5, 37, 3062539
List the prime factors of 5132380373.
277, 18528449
What are the prime factors of 76143629?
17, 521, 8597
List the prime factors of 269486247.
3, 89828749
List the prime factors of 145544535.
3, 5, 31, 101, 1033
What are the prime factors of 608829921?
3, 7, 53, 182339
List the prime factors of 5662498634.
2, 13, 217788409
What are the prime factors of 3722219039?
7, 11, 48340507
What are the prime factors of 7886946864?
2, 3, 73, 229, 9829
What are the prime factors of 1654776209?
17, 367, 265231
List the prime factors of 82885523.
7, 17, 696517
List the prime factors of 5466247437.
3, 7, 443, 587579
What are the prime factors of 3789719569?
3789719569
What are the prime factors of 471472725?
3, 5, 113, 55631
What are the prime factors of 552551075?
5, 43, 514001
What are the prime factors of 302624459?
311, 973069
List the prime factors of 10310386.
2, 5155193
What are the prime factors of 1287349174?
2, 17, 37863211
What are the prime factors of 78454016?
2, 43, 7127
List the prime factors of 94699499.
53, 151, 11833
What are the prime factors of 10123256?
2, 11, 13, 8849
List the prime factors of 722981044.
2, 41, 59, 74719
List the prime factors of 52781928.
2, 3, 2199247
What are the prime factors of 928174037?
7, 359, 433, 853
What are the prime factors of 451887339?
3, 113, 1123, 1187
What are the prime factors of 131635480?
2, 5, 3290887
What are the prime factors of 5233092?
2, 3, 436091
List the prime factors of 116712382.
2, 3011, 19381
What are the prime factors of 89057286?
2, 3, 173, 9533
List the prime factors of 79211279.
7, 17, 331, 2011
What are the prime factors of 46272007?
97, 477031
What are the prime factors of 36236619?
3, 251, 5347
List the prime factors of 364455623.
7, 31, 89, 113, 167
List the prime factors of 213964556.
2, 13, 4114703
List the prime factors of 334521264.
2, 3, 7, 11, 29, 3121
What are the prime factors of 463352271?
3, 154450757
List the prime factors of 190323632.
2, 31, 263, 1459
What are the prime factors of 17397190?
2, 5, 1739719
List the prime factors of 834618833.
19, 461, 95287
What are the prime factors of 22691626?
2, 167, 67939
List the prime factors of 40507424.
2, 1265857
What are the prime factors of 663903910?
2, 5, 66390391
What are the prime factors of 163416883?
7, 941, 24809
List the prime factors of 566989344.
2, 3, 229, 8597
What are the prime factors of 51217898?
2, 89, 167, 1723
List the prime factors of 1218906327.
3, 406302109
What are the prime factors of 111228080?
2, 5, 41, 33911
What are the prime factors of 47108385?
3, 5, 41, 2837
List the prime factors of 335635636.
2, 7, 31, 386677
List the prime factors of 2462692104.
2, 3, 34204057
List the prime factors of 69583273.
37, 41, 45869
List the prime factors of 561409639.
7, 73, 1098649
List the prime factors of 452933668.
2, 11, 67, 153641
What are the prime factors of 580819442?
2, 7, 5926729
What are the prime factors of 68952169?
11, 13, 29, 1279
What are the prime factors of 1041613201?
47, 1223, 18121
List the prime factors of 243292105.
5, 7, 59, 16831
What are the prime factors of 1596587560?
2, 5, 41, 973529
List the prime factors of 94586558.
2, 11, 59, 72871
List the prime factors of 69816987.
3, 7757443
List the prime factors of 524191586.
2, 31, 43, 353, 557
What are the prime factors of 413479399?
413479399
What are the prime factors of 54730157?
17, 3219421
What are the prime factors of 330177598?
2, 53, 293, 10631
List the prime factors of 107562896.
2, 7, 960383
List the prime factors of 48478690.
2, 5, 13, 19, 1033
List the prime factors of 710504440.
2, 5, 2803, 6337
What are the prime factors of 26702376?
2, 3, 17, 65447
What are the prime factors of 310232252?
2, 11, 17, 31, 787
What are the prime factors of 404787980?
2, 5, 20239399
List the prime factors of 61124380.
2, 5, 1289, 2371
What are the prime factors of 1428229343?
59, 24207277
What are the prime factors of 160130896?
2, 149, 67169
List the prime factors of 34243512.
2, 3, 53, 26921
List the prime factors of 3747662242.
2, 1873831121
What are the prime factors of 23518493?
107, 219799
What are the prime factors of 43089653?
43089653
What are the prime factors of 63967025?
5, 23, 53, 2099
What are the prime factors of 681061781?
29, 23484889
List the prime factors of 107472541.
11, 9770231
What are the prime factors of 71146211?
71146211
What are the prime factors of 54275040?
2, 3, 5, 37691
List the prime factors of 11716606.
2, 11, 101, 5273
List the prime factors of 2552326798.
2, 7, 167, 22279
What are the prime factors of 61092058?
2, 1721, 17749
List the prime factors of 3941760891.
3, 47, 53, 61, 8647
What are the prime factors of 86163123?
3, 17, 421, 4013
What are the prime factors of 53718217?
7, 7674031
List the prime factors of 730181798.
2, 643, 567793
What are the prime factors of 447272234?
2, 223636117
What are the prime factors of 52162127?
41, 1272247
What are